t f(j) = -10*j - 6. Let m(c) = 4*f(c) + 11*v(c). Calculate m(l).
10
Let w(f) = 3 - 1 + 0 - 1 + f**3. Suppose d = -5*g - 11, 5*d + g + 7 = -0*g. Give w(d).
0
Let z(k) = 2*k**3 - 17*k**2 + 19*k + 2. Let v(n) = -n**3 + 9*n**2 - 10*n - 1. Let h(t) = -11*v(t) - 6*z(t). Calculate h(3).
-13
Let o(b) = b**2 - 2*b + 3. Suppose 0*w + 2*w = 0. Let s be w/(0 + -1) - 7. Let n = s - -10. Determine o(n).
6
Let s(t) = 11*t**2 - 23*t + 2. Let f(u) = 4*u**2 - 8*u + 1. Let p(g) = 8*f(g) - 3*s(g). Calculate p(3).
8
Let l be 4/(-12)*(-5 + -1). Let w(x) = 4*x**3 - 2 + 3*x**2 - x - x**l + x. Let g(j) = 3*j**3 + 3*j**2 - 3. Let k(f) = -3*g(f) + 2*w(f). Give k(-5).
5
Let b(i) be the second derivative of -7*i**3/6 - 3*i**2/2 + 28*i. Calculate b(-3).
18
Let d(t) = -5*t**2 + 6*t**2 + 6*t**2 + 2*t**2 - 7 - t**3 + t. Let b be d(9). Suppose 0 = -b*g - 2*g. Let p(n) = -n**2 - n - 6. What is p(g)?
-6
Let p be (-5)/(-3) + 2/6. Let y(z) = -1 + p*z + 7*z - z. Let w(j) = -j**2 + 5*j - 5. Let t be w(2). Determine y(t).
7
Let t(b) = 3*b - 1 - 2*b + 0. Suppose 2*l + l - 3 = 0. Give t(l).
0
Suppose 0*q + 2*q + 10 = 0. Let m(i) = i**3 - 2*i**2 + 2*i. Let u(y) = -2*y**3 + y**2 - y + 1. Let w(l) = -3*m(l) - 2*u(l). Give w(q).
-7
Let t(n) be the first derivative of 0*n - 1/60*n**5 + 1/2*n**3 + 2 - 1/2*n**2 + 1/8*n**4. Let x(k) be the second derivative of t(k). Determine x(3).
3
Let p(z) = -z + 1. Let u be -2 + 1 + 1 - -5. Suppose 10 - 40 = -u*f. Let v be f/4 - (-9)/(-6). What is p(v)?
1
Suppose 12 = a + 2*l + 3, 4*a - 5*l - 88 = 0. Suppose -5*r = -a - 3. Let g(j) = -j**2 - j - 1 + 3*j - 1. Determine g(r).
-10
Let i(k) = -k**3 - k**2 - k - 1. Let w(m) be the second derivative of m**5/5 - m**4/12 - m**3/3 + 2*m. Let t(b) = -5*i(b) - w(b). What is t(-5)?
-5
Let j(t) = t**2 - t**2 + 3*t**2 + 0*t**2 + t**3 - 4*t - 2. What is j(-4)?
-2
Let d(x) = 0 + 4 - 3. Let o(m) = -m**2 + 5*m + 2. Let b(j) = 4*d(j) - o(j). Suppose 0 = 5*p - 20 - 5. Give b(p).
2
Let n(h) be the first derivative of -1 - 1/2*h**2 + 2*h + 1/3*h**3. Calculate n(0).
2
Let a(u) be the first derivative of u**3/3 - 3*u**2 - 5*u + 30. Let t = 11 - 5. What is a(t)?
-5
Let v(i) = -i + 5. Let f be (-3)/((-2)/(-2 - -4)). Let g be v(f). Let p(k) = g*k + 1 - 3*k**2 + 0 + k**2. Calculate p(-1).
-3
Let n(o) = 2*o**3 - 8*o**2 + o + 5. Let x(k) = 3*k**3 - 9*k**2 + 2*k + 6. Let c(h) = 4*n(h) - 3*x(h). What is c(-4)?
-6
Suppose 10 = -4*s - 3*k + k, 3*k = 3. Let w(f) be the third derivative of -f**6/120 - f**5/20 - f**4/24 + f**3/6 + 2*f**2. Give w(s).
4
Let x(u) = 7 + u + 0 + u**2 + 6*u. Let n(o) = -o**3 + 12*o**2 - 13*o + 16. Let z be n(11). Let g be z + 2/4*2. Determine x(g).
-3
Let b(m) = -m + 15. Let t be b(13). Let y(p) = 5 + p**3 - t*p**3 - 6*p**2 + 4*p - 4*p. Give y(-6).
5
Let r(g) be the first derivative of g**2 - 6*g + 14. What is r(6)?
6
Let n(a) = -5*a**3 - 6*a**2 - 23*a - 1. Let c(y) = 7*y + 1. Let k be c(1). Let d(g) = -2*g**3 - 2*g**2 - 8*g. Let r(w) = k*d(w) - 3*n(w). Calculate r(4).
-9
Suppose 10 = 8*g - 3*g. Suppose y = -y - g. Let z(i) = 4*i**3 - 1. Calculate z(y).
-5
Suppose 0 = -0*y - 4*y + 16. Suppose -v = -y*v + 9. Let i(q) = q**2 + 3 + 3*q - 5*q**2 + 3*q**2. What is i(v)?
3
Suppose 88 = 14*t - 24. Let m(p) = p**2 - 6*p - 9. Determine m(t).
7
Suppose 2*a + j + 12 = 6*a, 3*j = 3*a - 9. Let w(z) = 3 - a - z + 2. Suppose -3*h - 13 = -0*c - 5*c, 5*c = -2*h + 33. Calculate w(c).
-3
Let v(x) = -4*x - 3. Suppose -1 - 7 = 4*s. Determine v(s).
5
Let m(h) = -h**2 + 6*h - 2. Let j be 70/(-22) + (-2)/(-11). Let p be 6 + (-2 + 0 - j). Let y = -3 + p. Determine m(y).
6
Let g(f) = -f + 8. Suppose 2*q + 2*v - 4*v - 4 = 0, 3*v + 6 = 5*q. Determine g(q).
8
Let d(r) be the second derivative of 1/2*r**2 + 1/20*r**5 + 1/3*r**3 - 6*r - 1/3*r**4 + 0. What is d(3)?
-2
Let c(o) = 9*o**3 - o**2 + 2*o - 1. Let u(d) = d**2 - 2*d + 1. Let i be u(0). Calculate c(i).
9
Let m(y) = y**2 + 4*y - 1. Let i be (4/2 + -4)*1. What is m(i)?
-5
Let s(k) = 5*k**2. Suppose 2*n = 1 - 3. Determine s(n).
5
Let z = 4 - 4. Let p(w) = 3*w - 4*w - 3 - 5 + z*w. Give p(-6).
-2
Let c(x) = x**2 - 9*x - 8. Let l be c(10). Let g(m) = -m**2 + 2. Calculate g(l).
-2
Let h(j) = -6*j. Let v(p) = -p**3 + 4*p**2 + 6*p + 1. Let d be v(5). Let k = d + -5. Calculate h(k).
-6
Let t(y) be the first derivative of y**3/3 - 2*y**2 - 7*y + 33. Give t(6).
5
Let z(o) = 8*o - o + o**2 + 0*o**2 - 4*o. Calculate z(-3).
0
Let x(s) = -12*s - 1. Let o be 204/36 - 2/(-6). Suppose -o*z + 4*z = 2. Determine x(z).
11
Let v(q) be the third derivative of -q**5/60 + 7*q**4/24 - 5*q**3/6 + q**2. Let g be (-2 - -6) + -3 - 3. Let c be 8 + -2 + g*1. Calculate v(c).
7
Let h(y) = -13*y - 4. Let p(v) = 4*v + 1. Let u(x) = -2*h(x) - 7*p(x). Let a = 3 - 1. Let r be (0 + -2)*(3 - a). Give u(r).
5
Let s(z) = -4*z**2 + 11*z - 10. Let j(k) = -k**2 + k - 1. Let t(o) = -5*j(o) + s(o). Give t(-5).
-10
Let v(p) = -p - 2. Suppose -2*b + h = 3*b + 23, -b - 13 = -3*h. Give v(b).
2
Let w be (-3 + 3)/(-2 - 0). Let t(f) = -f - 7. What is t(w)?
-7
Let r(w) = -w**2 - 6*w - 6. Suppose -6*m + 6 = -7*m. What is r(m)?
-6
Let t = -4 - -7. Let w(n) = -n**2 + n - 3. Determine w(t).
-9
Suppose -4*d = d - 10. Suppose 4*o - 8 = -0*o. Let h(w) = -4*w**2 + 6*w**d + 8 - w**o + w**3 + 8*w + 6*w**2. Give h(-6).
-4
Let u(o) = -3*o**2 - 7*o + 1. Let p(j) = -2*j**2 - 7*j + 1. Let s(k) = -4*p(k) + 3*u(k). Suppose 0 = -c + 6*c - 30. Give s(c).
5
Let s(j) be the first derivative of 11*j**4/4 + j**3/3 + j**2/2 - j - 11. What is s(1)?
12
Suppose 4 = -4*a + 24. Let x(b) be the first derivative of -b**3/6 + 4*b**2 - 4*b + 1. Let g(m) be the first derivative of x(m). What is g(a)?
3
Let q(h) = 14*h + 17*h - 3 - 28*h + 3*h**2. What is q(-3)?
15
Let l(h) = -h + 2. Let i(r) = -r**3 + 6*r**2 + 2. Let y be i(6). What is l(y)?
0
Let z(q) = -q**2 + 9*q - 8. Let g(f) = f - 3. Let v be g(11). Determine z(v).
0
Let f be 1/(-3) + 26/6. Let o = f + -3. Let u(a) = 4*a**3 - a. Let p be u(o). Let k(w) = w + 3. Calculate k(p).
6
Let t(i) = i**2 - i. Let h(a) = -7*a**2 + 11*a + 6. Let g(w) = h(w) + 6*t(w). What is g(6)?
0
Let l(d) be the third derivative of 1/15*d**5 - 1/120*d**6 + 0*d + 0 - 2/3*d**3 + 1/12*d**4 + 2*d**2. Determine l(3).
11
Let n(b) = -b**2 - 1. Let m = 11 - 14. Let k be (2/(-1))/(1/2). Let w = k - m. Determine n(w).
-2
Let z(t) = -2 + t**2 + 0*t**2 + 3*t - t**3 + t**2. Determine z(2).
4
Let q be (-1 + -2)/(1/1). Let p(z) be the third derivative of z**5/15 + z**4/12 - z**3/2 + 6*z**2. Let j(h) = -h**2. Let t(r) = 3*j(r) + p(r). What is t(q)?
0
Let u = 6 + -3. Let l(z) = -z. What is l(u)?
-3
Suppose 2*i + 1 = -7. Let h(x) = -x**2 - 5*x + 1. Give h(i).
5
Let f be -1*(-1)/(-2)*-2. Let l(q) = 4*q. Give l(f).
4
Let t = 9 - 5. Let n(y) = y + 1. Give n(t).
5
Suppose -5*x = -5*a - 40, a + 6 + 5 = 2*x. Let s(i) be the second derivative of i**4/12 - i**3/3 - i**2/2 - 9*i. What is s(x)?
2
Let a = 39 + -34. Let j(t) = -1 + 9*t + 0 - 3*t - t**2. Give j(a).
4
Let v(y) = -y - 5 + 3 + 13 - 3. Give v(5).
3
Let r(p) = -p**2 - 5*p - 6. Let w = -70 + 66. What is r(w)?
-2
Let j(m) = -11*m**3 - 7*m + 7. Let z(i) = -2*i**3 - i**2 - i + 1. Let a(r) = j(r) - 5*z(r). Determine a(4).
10
Let p(u) = 5*u**2 - 8 + 11 + 0*u - 2*u + u**3. What is p(-5)?
13
Suppose -3*p - 2*p = 10. Let c(a) = a**2 + 7*a + 3. Let f(i) = 4*i**2 + 29*i + 13. Let g(d) = p*f(d) + 9*c(d). Give g(-4).
-3
Suppose 5*v = -2*g + 13, -5*v = -g + 2*g - 9. Let i(k) = 3*k - 6. Give i(g).
6
Let k be 2*(0 + 1 + 5). Suppose -2*v = 2*x - 10, 3*x + 5 = 2*x - 3*v. Let r be 4/x + k/(-5). Let t(p) = p**2 - 2*p - 1. Calculate t(r).
7
Let u(g) = 0 - 12*g + 8*g - 1 - 1 - g**2. What is u(-5)?
-7
Let l(v) be the first derivative of -v**3/3 - 3*v**2/2 - 5. Determine l(-4).
-4
Let h(i) be the third derivative of -i**5/10 + i**4/12 - i**3/6 - 12*i**2. Give h(1).
-5
Let y(m) = 5*m - 5. Let n = -31 + 35. Give y(n).
15
Let d be -1*(-3 - (-5 + 3)). Suppose 0*h - 5*m - d = -2*h, -4*m = -4*h - 4. Let z(r) = -2*r. What is z(h)?
4
Let g(y) = 3*y**2 - 4*y. Let r(w) be the third derivative of -w**5/60 + w**3/6 - 2*w**2. Let n(f) = -g(f) - 2*r(f). Determine n(3).
1
Let p(n) = -n**3 - 4*n**2 + 1 + 6*n**2 - n**2. Let m(g) = 5*g. Let s be m(0). Give p(s).
1
Suppose -j = 4*h - 11, -4*j + 2*h + 0 = -8. Let l(a) = -a**2 + 2*a + 2. What is l(j)?
-1
Le